{"id":75,"date":"2019-05-03T21:33:45","date_gmt":"2019-05-03T21:33:45","guid":{"rendered":"http:\/\/aufzugstechnik-kroeger.de\/?page_id=75"},"modified":"2019-05-04T12:56:07","modified_gmt":"2019-05-04T12:56:07","slug":"taetigkeiten","status":"publish","type":"page","link":"https:\/\/aufzugstechnik-kroeger.de\/?page_id=75","title":{"rendered":"T\u00e4tigkeiten"},"content":{"rendered":"\n<p>Erstellung von Gef\u00e4hrdungsbeurteilungen  <br>Plannung von Neubauten <br>Modernisierungen <br>Wirtschaftlichkeitsbetrachtungen  (Wartung\/Notruf) <br>\u00dcberpr\u00fcfen des Wartungsstandes  <br>St\u00f6rungsmanagement<br>Aufzugsw\u00e4rtereinweisungen <br>Beurteilung des eingebauten Glases<br><\/p>\n","protected":false},"excerpt":{"rendered":"<p>Erstellung von Gef\u00e4hrdungsbeurteilungen Plannung von Neubauten Modernisierungen Wirtschaftlichkeitsbetrachtungen (Wartung\/Notruf) \u00dcberpr\u00fcfen des Wartungsstandes St\u00f6rungsmanagementAufzugsw\u00e4rtereinweisungen Beurteilung des eingebauten Glases<\/p>\n","protected":false},"author":1,"featured_media":0,"parent":0,"menu_order":0,"comment_status":"closed","ping_status":"closed","template":"","meta":[],"_links":{"self":[{"href":"https:\/\/aufzugstechnik-kroeger.de\/index.php?rest_route=\/wp\/v2\/pages\/75"}],"collection":[{"href":"https:\/\/aufzugstechnik-kroeger.de\/index.php?rest_route=\/wp\/v2\/pages"}],"about":[{"href":"https:\/\/aufzugstechnik-kroeger.de\/index.php?rest_route=\/wp\/v2\/types\/page"}],"author":[{"embeddable":true,"href":"https:\/\/aufzugstechnik-kroeger.de\/index.php?rest_route=\/wp\/v2\/users\/1"}],"replies":[{"embeddable":true,"href":"https:\/\/aufzugstechnik-kroeger.de\/index.php?rest_route=%2Fwp%2Fv2%2Fcomments&post=75"}],"version-history":[{"count":5,"href":"https:\/\/aufzugstechnik-kroeger.de\/index.php?rest_route=\/wp\/v2\/pages\/75\/revisions"}],"predecessor-version":[{"id":97,"href":"https:\/\/aufzugstechnik-kroeger.de\/index.php?rest_route=\/wp\/v2\/pages\/75\/revisions\/97"}],"wp:attachment":[{"href":"https:\/\/aufzugstechnik-kroeger.de\/index.php?rest_route=%2Fwp%2Fv2%2Fmedia&parent=75"}],"curies":[{"name":"wp","href":"https:\/\/api.w.org\/{rel}","templated":true}]}}